-1. Let z(q) = 4*q + 18. Let a(v) = -12*y(v) - z(v). Determine a(-4).
10
Let f(u) = -u**3 - 4*u**2 + 2*u - 7. Suppose -6 - 9 = 5*q. Suppose 4*c + 14 = -s, -12 = 2*s - 3*c + 7*c. Let g be (5/s)/(q/6). Give f(g).
8
Suppose -o + 4*k + 1 = -4*o, 2*o = 4*k - 14. Let d = o - -6. Let y(j) = j + d*j**3 - 7 + 2*j**3 + 6 - 4*j**3 - 4*j**2. Calculate y(4).
3
Let h(d) = 18*d**2 - 2*d - 1. Let t = 54 - 55. What is h(t)?
19
Suppose -3*q + 4*n + 18 = -17, 3*q + n = 10. Let a(l) = -2 - q*l**2 + 5*l**3 + l - 6*l**3 + 3. Let d = 23 + -28. Calculate a(d).
-4
Let l(g) = -1571 + 1571 - g + 11*g**2. Let y(k) = k - 5. Let a be y(6). What is l(a)?
10
Let b(d) = d**2 - 5*d + 4. Let f be b(5). Let p(j) = j**2 - 4*j**2 - j - 5 + f + 2*j**2. What is p(-1)?
-1
Let w(q) = -q**3 + q - 1. Let k be w(-2). Let o be 18/30 + 27/k. Let i(p) be the third derivative of -p**5/60 + 5*p**4/24 + p**3/3 + p**2. Calculate i(o).
-4
Let f(c) = 5*c + 0 + 2 + 3 - 7. Determine f(2).
8
Let u be (-2)/(1*(-2)/4)*1. Let g(z) = -z**3 + 4*z**2 - 4. Let f be g(3). Let x(d) = -d + 5. Let o(h) = h - 5. Let r(t) = f*o(t) + 4*x(t). Give r(u).
-1
Let i(b) be the first derivative of 1/3*b**3 + 2 - 2*b + 2*b**2. Let q(y) = -y**3 - 5*y**2 - 4*y - 5. Let r be q(-4). Determine i(r).
3
Let y = -8 - -3. Let a(h) be the third derivative of -h**4/12 - h**3/2 - 143*h**2 + h. Calculate a(y).
7
Let o(j) = j**3 - 5*j**2 - 9*j + 7. Suppose 4*a - 4*n = 44, -3*a + 2*n - 1 = -29. Calculate o(a).
-11
Let n(k) = k + 4. Let y = -6 + 6. Determine n(y).
4
Suppose j - n + 0 = -5, -25 = 5*j + 5*n. Let z(d) be the second derivative of d**5/20 + d**4/3 - 5*d**3/6 - 5*d**2/2 + d. Determine z(j).
-5
Let d(k) = k - 4. Suppose 9*x + 40 = -4*f + 5*x, -2*x = -4*f - 34. Calculate d(f).
-13
Let k(j) be the second derivative of -1/3*j**3 - 3*j + 0*j**2 + 0. Let w(r) = -r**2 + r + 2. Let a be w(3). Determine k(a).
8
Suppose 0 = -b + 1 - 2. Let m = 2 - b. Let g(f) = 9*f + 9. Let t(h) = -14*h - 14. Let i(o) = -8*g(o) - 5*t(o). Determine i(m).
-8
Let f(x) be the second derivative of x**5/20 + 5*x**4/6 - 11*x**3/6 + x**2/2 - 6*x. Let m be f(-11). Let l(s) = 12*s**3 + s**2 - 2*s + 1. Determine l(m).
12
Let d(b) = 16*b**2 - 16*b + 31. Let i(f) = 3*f**2 - 3*f + 6. Let k(o) = -2*d(o) + 11*i(o). Let p be 2/3*3/(-2). Let c = p - -4. Determine k(c).
10
Let n be 78/8 + -1 + 2/8. Let t(p) = -p**2 + 7*p + 9. Determine t(n).
-9
Let i(v) = 5*v - 6. Let w = 2 - -2. What is i(w)?
14
Suppose 0 = w + 7 - 9. Let p(v) = 4*v**w - v**2 - 4*v + v**3 + 0*v**3 + 3*v. What is p(-2)?
6
Suppose 2*f + 9 = -7. Let q(h) be the second derivative of -h**4/12 - 4*h**3/3 + 3*h**2 - 95*h. Determine q(f).
6
Let a(b) = 5*b - b + 18 - 5*b. What is a(0)?
18
Let x(v) = -v - 1. Suppose 4*n + 6 = -18. Let c = -8 - n. Let g be -2*1/2*c. What is x(g)?
-3
Suppose 2*h = 7*h + 40. Let v = -4 - h. Let k(l) = -l - 1. What is k(v)?
-5
Let n = -1 - -1. Suppose -8 = -5*z + 4*j, 0*z + 5*z = 5*j + 10. Suppose n = -4*w - z*w - 8. Let o(p) = p**3 + 2*p**2 + 1. Give o(w).
1
Suppose -4*u + 16 = -r, -4*r = 4*u - 2*r - 16. Let f(p) be the second derivative of p**4/12 - 2*p**3/3 + 2*p**2 + 7*p. Determine f(u).
4
Let o(h) be the second derivative of -h**3/6 - 9*h**2/2 + 6*h. What is o(-7)?
-2
Let m(y) = -y**3 - 3*y**2 - y + 2. Suppose -2*g + 12 = -6*g. Determine m(g).
5
Let q be (1 + -1)/(9 + -7). Let m(o) = -o**3 - o**2 - 5*o + 5 - 6*o**2 + q + 0*o. Give m(-6).
-1
Let f(s) = s**3 + 4*s**2 + 5*s + 3. Suppose 2*o - 40 = 4*r, 4*o + 3*r = 100 + 35. Suppose -6*j = -12 + o. What is f(j)?
-3
Suppose 2*p = 13 + 1. Suppose 0 = c - 5*k - 2, -p = 5*c - 3*k + 5. Let n(q) = 11*q**2 + 3*q - 4*q - 9*q**2 - q**3 + 2*q**3 + 2. Determine n(c).
-4
Let y(k) be the second derivative of -k**4/12 - k**3/2 - k**2 + 4*k. Suppose 2*f = -12 + 6. Determine y(f).
-2
Let k = 9 + -3. Let j(o) = 6*o - 3 + 0*o**2 - o**2 + o. Give j(k).
3
Let t(c) = 2*c. Let j be t(3). Let k(l) = -l**3 + 5*l**2 + 5*l - 6. Determine k(j).
-12
Let l(y) = -2*y**3 - 3*y**2. Suppose 0 = -0*j - 5*j - 10. What is l(j)?
4
Let a(d) = -d**3 + 4*d**2 + d + 6. Let t(y) = 2*y - 8. Let l be t(6). Suppose 0 = l*g - g - 15. Calculate a(g).
-14
Let a(f) = 2*f**3 + 5 + 3*f + 4*f**2 - f**3 - 2. Calculate a(-2).
5
Let m(n) = n**2 - n. Let h(u) = -2*u**2 + 7*u + 1. Let v(t) = h(t) + m(t). Let b = 16 - 10. What is v(b)?
1
Let n(d) = -2*d**3 - 3*d**2 - 6. Let o(q) = q**3 + 1. Let t(g) = -n(g) - 3*o(g). Give t(3).
3
Let q(m) = -5*m + 124*m**2 - 4 - 125*m**2 + 11. Determine q(-6).
1
Let n(t) = t + 3*t + 2*t**2 - t + 2. Suppose 42*c + 8 = -76. Give n(c).
4
Let o(a) = -1 - 5 + 1 - a**2 - 7*a. Let r(f) = 2*f + 2. Let b(t) = 2*t + 1. Let d(h) = -3*b(h) + 4*r(h). Let c be d(-5). Determine o(c).
5
Let h(f) = -12*f - 1. Let s be 2/((-9)/(-6) - 1). Suppose -24 = 4*j + s*d, 3*j + 8 = 2*d - 3*d. What is h(j)?
11
Let c be (-3 - (2 + 1)) + 0. Let n(d) = 2*d**3 + 5*d**2 + 3*d + 6. Let a(z) = -z**3 + z**2 - z + 1. Let t(g) = a(g) + n(g). Calculate t(c).
-5
Suppose 3 + 2 = -5*h, -2*s + 2 = -2*h. Let i(l) = s*l + 5*l - 8 - 6*l. Calculate i(0).
-8
Let k(n) = -n**2 + n + 1. Suppose -2*d + 0*d = 0. Suppose 94*t - 97*t = -66. Suppose d = -5*x + t - 2. Give k(x).
-11
Let j be 12/9*6/4. Let n be 2 - 1 - (-8)/4. Let g(p) = -2 - 3*p - 3 - p**n + 5 + 2*p**2 + 1. Give g(j).
-5
Let c(s) = 4*s**3 + 2*s**2 + 5*s + 3. Let n(t) = -3*t**3 - 2*t**2 - 4*t - 2. Let o(v) = -4*c(v) - 5*n(v). Determine o(2).
-2
Let t(b) = 2 + b + 3 + b - 2. Let p(n) = 2*n + 2. Let v(d) = -5*p(d) + 4*t(d). Determine v(3).
-4
Let b(t) = -6*t**2 + 1 - 2*t + 10*t**2 + t**2. Determine b(1).
4
Let u be 2/(16/(-6))*-4. Let t(l) = l - 2*l - 4*l + u*l + l**2 - 1. What is t(3)?
2
Suppose 4*j - 4*g - 6 = 10, -4 = 2*j + 4*g. Let n(t) = 2*t**3 - j*t + 1 - 2*t**2 + t**3 + 0*t**2 + 4*t**2. Let l(o) = o - 4. Let y be l(5). What is n(y)?
4
Let i(m) = 0*m + 3*m - 7*m + 4 + m**2. Suppose -100 = -2*g - 3*g. Suppose 3*s - 8*s = -g. Calculate i(s).
4
Let s(l) = l + 4. Suppose -5*a - 15 = 5*o, 2*a = 3*a + 3*o + 1. Calculate s(a).
0
Let j(b) be the third derivative of 1/2*b**3 + 0*b - 1/12*b**4 + 0 + 2*b**2. What is j(-4)?
11
Let h(v) = v**2 - 10*v + 5. Let k be (2 - -5)/(13 - 12). Give h(k).
-16
Let m(q) be the first derivative of q**4/4 - q**3/3 - q**2/2 - 10. Suppose 0 = -4*g - 0 - 4. Give m(g).
-1
Let g(s) = 2 + s + 3*s**3 + s**2 - 3*s - 2*s**3. Determine g(2).
10
Let b(h) = 3*h**3 - h**2 - h + 1. Suppose w - 5*w = -4. Let c be b(w). Let u(g) = -3*g + 5*g - 3 + g**2 - 2*g**c. What is u(3)?
-6
Suppose 2*o - 19 + 11 = 0. Let y(f) = f**3 + f**2 + 6*f - 6. Let i(v) = 6*v**3 + 4*v**2 + 31*v - 31. Let q(k) = 2*i(k) - 11*y(k). Calculate q(o).
4
Let o = -6 - -8. Let p(n) = 3*n**2 + n - 10*n**2 + 4*n**2 + 4*n**o + 7. Let x = 0 + 0. What is p(x)?
7
Suppose 2*a + 16 + 9 = 5*q, q = 5*a + 28. Let b be (-10 + 0)*(-4)/10. Let i(s) = -13*s + 11*s + b + 3*s. Calculate i(a).
-1
Let m(h) = 5*h - 1 + 4*h**2 - 3*h + 3 + h. Give m(-2).
12
Let i(p) = -p**2 - p + 1. Let v(x) = -x. Let q(w) = -i(w) + 2*v(w). Let h = 40 + -40. Give q(h).
-1
Let h(b) = b**2 + 2*b - 2. Let k = -18 - -12. Let p(c) = -c**2 - 3*c + 3. Let s(j) = k*p(j) - 7*h(j). Suppose -2 = -o + 1. Give s(o).
-1
Let n(b) = -4*b**2 + 2*b + 15. Let t(w) = 3*w**2 - w - 14. Let s(i) = 2*n(i) + 3*t(i). Suppose x + 3*x = 0. Calculate s(x).
-12
Let a(m) be the third derivative of m**5/60 - m**4/4 - m**3/3 - 7*m**2. What is a(6)?
-2
Let k(h) = 4*h + 5*h - 2*h. Let w be ((-63)/(-28))/((-6)/(-32)). Let l = -11 + w. Determine k(l).
7
Let j(m) = m - 2. Let p be j(6). Suppose 2*x - 4 = 4*w + 8, 2*x - 4 = -p*w. Let h(g) = -g + 5. Let i(l) = 2*l - 6. Let r(z) = x*i(z) + 5*h(z). Calculate r(-1).
-2
Let j(t) = -1 + 11*t + 3*t**2 - 9*t**2 - 5*t + t**3. Suppose 0 = -0*q - q. Suppose q = -9*h + 4*h + 25. Determine j(h).
4
Suppose 1 = -2*s - 9. Let c(b) = b**2 + 5*b + 4. Give c(s).
4
Suppose 4 = -4*g + 2*y + 6, 25 = 5*g + 2*y. Let b be 2/(-6) - (-14)/6. Let u(t) = -g*t + 6*t - b*t - 3. What is u(0)?
-3
Let i = 10 - 6. Let j(a) = a + 1. Let t(b) = -3*b + 2. Let r(f) = i*j(f) + t(f). Give r(0).
6
Let q(k) be the third derivative of k**4/24 + k**3 - 4*k**2. Suppose -l = 3*d - 3, -l + 3 = 4*d + d. Calculate q(d).
6
Let x(y) = -y**3 + y**2 - y - 7. Let l be 10/20 + (-2)/4. Calculate x(l).
-7
Let r(v) = -v**3 - 3*v**2 + 2*v + 3. Let y